base 9
882432
-f4fa9d (base 16) to base 14
-21bccd7
Convert 75585 (base 9) to base 14.
14354
Convert -1cc46 (base 14) to base 4.
-102000132
What is -9a4747 (base 12) in base 16?
-257527
-1222361 (base 7) to base 8
-462415
-55346 (base 7) to base 4
-3121031
3670125 (base 8) to base 15
14ebd2
What is 165313 (base 7) in base 11?
22948
110000010011010000001 (base 2) to base 15
213e4b
Convert 13ec4 (base 15) to base 13.
23227
What is -1100110101011100100 (base 2) in base 4?
-1212223210
Convert 14689417 (base 10) to base 6.
1242502321
Convert -1600041 (base 7) to base 4.
-311112120
What is -5137631 (base 11) in base 16?
-8a70d8
What is 20202122323 (base 4) in base 13?
604957
Convert -10111111111111001001 (base 2) to base 5.
-200131002
Convert -371573 (base 8) to base 10.
-127867
1300312021 (base 4) to base 10
462217
Convert 441231 (base 10) to base 12.
193413
-23561 (base 14) to base 2
-10101000001110001
What is -112020222122022 (base 3) in base 6?
-430225525
Convert 187448c (base 13) to base 2.
11110100010110000000100
32155220 (base 6) to base 7
11030265
What is b81697 (base 15) in base 4?
201123121300
What is 29999 (base 14) in base 16?
19403
1191449 (base 10) to base 14
2302b7
What is 120511040 (base 6) in base 8?
10544740
What is 14301141 (base 5) in base 4?
210222123
1d330 (base 14) to base 4
102033132
What is 4536372 (base 8) in base 13?
33cc57
What is 1bfdaf (base 16) in base 12?
7456bb
Convert -1867a6 (base 13) to base 10.
-614282
What is -258290 (base 13) in base 5?
-212402142
Convert -9359110 (base 11) to base 4.
-332333120012
Convert 525831 (base 10) to base 12.
214373
Convert 1312120002 (base 4) to base 9.
818100
Convert -15740102 (base 9) to base 11.
-44a2275
Convert 1145004 (base 7) to base 8.
434563
12102010210 (base 3) to base 8
320050
What is -2375302 (base 8) in base 11?
-407412
66234 (base 12) to base 15
2a077
What is 299266 (base 13) in base 7?
11445160
-3e2a3 (base 15) to base 3
-101010222100
What is 17645 (base 15) in base 6?
1342145
Convert 3002332 (base 5) to base 3.
2101202210
Convert 100003113213 (base 4) to base 8.
20032747
3433341 (base 5) to base 2
1111000100011001
-448ba (base 15) to base 4
-311031313
Convert 35221135 (base 6) to base 2.
100001010011110110011
Convert -32a8c4 (base 14) to base 2.
-110100011110010111100
Convert -232221121 (base 5) to base 16.
-101748
-15979 (base 13) to base 7
-231010
-2635b8 (base 13) to base 14
-19dba3
What is -1626 (base 11) in base 16?
-825
Convert 2111500 (base 7) to base 5.
31130334
Convert 1255336 (base 8) to base 3.
122211101212
Convert 1e08c (base 15) to base 11.
676a8
-111102112313 (base 4) to base 16
-5525b7
31522650 (base 7) to base 12
a91a16
Convert 2174 (base 11) to base 5.
42424
What is -4a333 (base 14) in base 12?
-89209
What is 102022110 (base 3) in base 13?
39a5
What is 234330 (base 5) in base 15?
28b0
What is -4104444 (base 5) in base 10?
-66249
330442 (base 12) to base 2
11000101100101110010
What is 290a00 (base 12) in base 14?
13bc88
Convert 222012210221 (base 3) to base 9.
865727
What is 179b8 (base 12) in base 3?
1202000012
Convert -2551422 (base 6) to base 5.
-13422141
-33101311 (base 4) to base 15
-13821
-13233431 (base 6) to base 5
-103041110
What is 17bf17 (base 16) in base 13?
426474
-6112770 (base 8) to base 10
-1611256
-a5fc10 (base 16) to base 8
-51376020
-10101010011010001 (base 2) to base 14
-23b21
What is 113084 (base 11) in base 4?
223321001
-103111342 (base 5) to base 15
-8ac17
Convert -2184714 (base 9) to base 14.
-2293ab
What is 51112 (base 7) in base 9?
18014
Convert -43434 (base 10) to base 13.
-16a01
124033025 (base 6) to base 15
3302e5
4debd (base 15) to base 11
160673
11111001101110110001 (base 2) to base 12
413b55
-989c22 (base 14) to base 8
-23573046
1025230 (base 6) to base 16
c4f2
Convert 10252151 (base 6) to base 14.
7c32b
13b221 (base 13) to base 12
1b2798
What is -6116750 (base 8) in base 13?
-446411
Convert -4433144 (base 5) to base 16.
-12df3
-229a54 (base 11) to base 2
-1011001000001011000
What is -153ea (base 15) in base 3?
-10110211011
-3789a (base 11) to base 6
-1055245
What is -2121220101210 (base 3) in base 7?
-14601540
Convert -c91cc (base 13) to base 6.
-11435454
What is -7533d (base 15) in base 12?
-15b327
What is -330314444 (base 5) in base 13?
-3a7bb4
7020 (base 16) to base 3
1110101010
What is -100101111100001000110 (base 2) in base 7?
-13365336
-2656445 (base 7) to base 16
-558e0
What is 55875 (base 14) in base 9?
345533
Convert -485745 (base 12) to base 3.
-2012111012022
Convert -150716 (base 10) to base 4.
-210302330
11101110200 (base 3) to base 10
86364
63073 (base 11) to base 9
150072
Convert 12bca1 (base 15) to base 13.
256c00
-4010002101 (base 5) to base 12
-27865b1
What is -221b67 (base 15) in base 14?
-304791
21626 (base 9) to base 8
34031
What is -22121303 (base 6) in base 7?
-5433336
What is 104553 (base 6) in base 4?
2022111
What is -522533135 (base 6) in base 15?
-be9b0e
What is 10010010001001101110110 (base 2) in base 5?
2211222420
What is -248d0b (base 14) in base 16?
-1321bf
What is 55b3 (base 13) in base 6?
131240
31231011 (base 5) to base 9
433231
What is -2163663 (base 8) in base 13?
-175837
Convert 863523 (base 10) to base 11.
53a861
-44144004 (base 5) to base 8
-1350311
What is 10011110011100 (base 2) in base 16?
279c
Convert 638542 (base 11) to base 6.
33521144
What is -874959 (base 10) in base 5?
-210444314
What is -e9674 (base 16) in base 3?
-1210120102011
Convert 30340422 (base 5) to base 9.
414845
-2198e (base 15) to base 5
-11404114
10103443332 (base 5) to base 7
152566546
Convert -51553745 (base 8) to base 9.
-22514861
What is -6c8b (base 15) in base 3?
-1011122212
Convert 377781 (base 9) to base 10.
228817
What is -1391c8 (base 13) in base 15?
-96557
-166201 (base 10) to base 15
-343a1
-28003b0 (base 12) to base 5
-4014310223
-7a0028 (base 11) to base 6
-43145113
434424 (base 5) to base 8
35215
Convert -603ab (base 13) to base 16.
-29fee
-11032300003 (base 4) to base 3
-2120122211221
10a9b5 (base 13) to base 9
661663
Convert -10142551 (base 7) to base 14.
-182161
Convert -56f270 (base 16) to base 9.
-11644358
What is 288958 (base 13) in base 5?
223141434
-455770 (base 12) to base 11
-698016
23331124 (base 5) to base 3
101220021220
Convert -221070 (base 10) to base 5.
-24033240
Convert 3313231231 (base 4) to base 8.
3675555
What is cd7e (base 16) in base 8?
146576
436211 (base 7) to base 10
76595
What is 68499 (base 11) in base 12?
49412
-20274476 (base 8) to base 7
-51320564
What is -11321020 (base 5) in base 2?
-11001100000111110
20c23a (base 13) to base 5
144104322
-24621500 (base 8) to base 12
-19a90a8
Convert -434343434 (base 6) to base 15.
-a38717
What is 1665321 (base 7) in base 6?
5010530
-101110010000011100 (base 2) to base 16
-2e41c
1001110133 (base 4) to base 16
4151f
What is 11110000101111110000 (base 2) in base 12?
3b67a8
Convert -32011032 (base 4) to base 15.
-12153
-154324524 (base 6) to base 14
-61a072
What is -82b275 (base 12) in base 7?
-23303042
Convert -3301002 (base 5) to base 16.
-dc39
-11001123 (base 5) to base 2
-10110111011011001
-110031302111 (base 4) to base 2
-10100001101110010010101
-25ab14 (base 13) to base 7
-10504560
-1504270 (base 8) to base 9
-722355
-1210559 (base 11) to base 7
-23632416
What is 1000232124 (base 5) in base 6?
110013111
Convert 103a1a5 (base 14) to base 6.
432241045
Convert 2119954 (base 12) to base 10.
6258448
Convert 293a21 (base 11) to base 14.
bd449
What is 1b31b70 (base 12) in base 2?
10110000101010001000100
Convert -246052 (base 11) to base 13.
-107c09
What is -3845571 (base 9) in base 5?
-1014101243
884294 (base 11) to base 2
101011000100010000101
Convert -299c7 (base 16) to base 6.
-3353023
What is 10110222110020 (base 3) in base 5?
433143203
What is 22555 (base 12) in base 13?
17a65
Convert 163029 (base 12) to base 4.
1130121201
What is 23402662 (base 8) in base 11?
2982744
Convert -1352314 (base 6) to base 15.
-17c44
237862 (base 10) to base 15
4a727
Convert -51b69c (base 14) to base 15.
-397759
What is 10010101110011000110110 (base 2) in base 3?
100020101022221
28635642 (base 9) to base 16
d89b9c
478b68 (base 12) to base 9
2151618
What is 47047573 (base 8) in base 5?
10110301323
Convert 27a3b (base 16) to base 6.
3251403
84e20 (base